is the value of (0 - 7 - -17) + (51 - (38 - 22))?
45
What is 9 + -17 + (-1 - -83) + (-136 - -146)?
84
5 + (-49 + 10 + 30 - (1 + -47))
42
Evaluate 60 + (64 - 41) - 32.
51
Calculate 27 - ((195 - 191) + 2 + -13).
34
Evaluate -20 + 57 + (27 - (-23 - -71)).
16
Calculate (15 - 1) + -2297 + 2270 - (-15 - -1).
1
What is the value of (-22 - -44) + (37 - (39 + -19))?
39
What is (-11 - (-5 + 2)) + 568 + -550?
10
1538 + -1565 + 16 + 1 + -2 + -34
-46
What is (-31 - 0) + 26 + -1 + (-108 - -84)?
-30
What is (-18 - (-7 - (14 + -16))) + -3?
-16
Calculate -5 + 12 + (6 - 96) + (-8 + 2 - 8).
-97
What is 60 + -7 + -14 - (4 + 1 + 1)?
33
What is the value of -16 + 2 + -1 - (1 + (8 - -27))?
-51
Calculate -14 + 173 + -63 - 62.
34
7 + -11 + 52 - (-53 + 39)
62
What is the value of -114 + -33 + 90 + (3 - 1)?
-55
What is the value of 28 + (-560 + 571 - (170 + 3))?
-134
What is 0 + -62 + 13946 + -13845?
39
What is -4 + -2 - ((-13 - 30) + -54)?
91
-29 + (-12 - (-1 - (-4 + 1))) + 11 + 3
-29
What is the value of -8 - (5 + 10 + -14 + -3 + (-47 - -1))?
40
What is 544 + -557 + -108 + (0 - 4)?
-125
What is -2 + (2 + 3 - 1) + 273 + -120?
155
Evaluate -21 + (11 - ((-6 - -18 - 9) + 4)).
-17
What is the value of -72 - 13 - (19 + -10 + 2 + -9 - 12)?
-75
Calculate 9 - (2 - ((-4 - -6) + 10 + -3)) - 8.
8
What is -37 + (-3 + 4 - -1) + -9 + (600 - 579)?
-23
What is the value of 15 - (160 + -188 + (-4 - -12))?
35
What is the value of (0 - 1) + (-1932 - -2009) - -38?
114
What is -66 + (-30 + 2 - (473 + -474))?
-93
-434 - -619 - 80 - (36 - 0)
69
What is (21 - 19) + -11 + -4 + 13 + -78?
-78
-7 + 11 + 9 + 34 + -1 + 11
57
What is 30 + (-48 + -8 - (-41 - -9))?
6
What is the value of -16 - -25 - -3 - 4 - (5 - -1)?
2
What is -85 - (-23 + 96 + -81)?
-77
Calculate (-67 - -78) + (-5 - -3) + (2 - 1) + 9.
19
Calculate -3 + -21 + (44 - (-5 - -23)).
2
(-28 - (-19 + -4 + -6)) + -20
-19
What is (399 - 393) + (5 - 1) + -2 - -11?
19
What is the value of (1 - (-9 + 21) - -2) + (0 - (-2 + 11))?
-18
What is -40 - -1 - (45 - 30 - (7 + 20))?
-27
Calculate (92 - -67) + -106 - (42 + -2).
13
What is 167 + -158 + 10 + -11 + 0 + -41?
-33
What is the value of -58 - (81 + -154) - -50?
65
-20 + -2 - (14 + 22 - 80)
22
Calculate (-43 - -57) + (-25 - (-12 - -5)).
-4
-38 + 93 + -65 - 0
-10
What is the value of (-122 - -41) + -48 - (0 + -32)?
-97
((39 - 9) + -7 + -18 - 12) + (-4 - -5)
-6
Calculate -3 - 28 - (471 + -495).
-7
Evaluate -1 + -53 + 42 + -29 + 2.
-39
Calculate (117 - 128) + -3 + (-4 + 9 - -11).
2
What is the value of -43 + 82 + -64 - (-4 + (-3 - -69))?
-87
(4 + (0 - 3) - (-4 + 49 - 16)) + 7
-21
What is 26 + 5 + -17 + 26?
40
Evaluate 0 - -5 - (-18 + -19 + -7 + 15 + -14).
48
(19 - (-11 - -7)) + (-107 + 42 - 32)
-74
Calculate 42 + -71 + 37 - (3 - (-84 + 3) - -3).
-79
What is the value of 10 + (73 - 48) + (-1 - 124)?
-90
Evaluate -1 + 80 - (-21 + (35 + -26 - -24)).
67
-3 - (-15 + 7 + -4) - (29 + -22) - -15
17
Calculate 38 + -57 + -81 + 62.
-38
-94 + 2 + (-4 - (-25 + 39 + -30)) - -5
-75
What is the value of -25 + -332 + 324 + -2 + (-2 - -4 - -18)?
-15
What is 0 + -98 - (61 + 57 - 157)?
-59
What is the value of 23 + -1 + 6 + -64 + 87?
51
What is the value of (4 - 0) + 2 - (-1 + -43 + 63)?
-13
419 + -436 + -18 + (3 - 4)
-36
Calculate -3 + (-31 - -17) + 27.
10
What is 15 + (6 - 10) + (-23 - -3)?
-9
Evaluate 77 - (93 - (16 + 67)).
67
(1 - 1 - (-1 - 13)) + -1505 + 952 + 431
-108
Evaluate -1 + 4 + (-80 - -77 - (-1 - -114)) + 12.
-101
Evaluate 31 + (-34 - -6) - (-2 + (4 - 1) + -24).
26
(3 - 1) + -3 - -51 - (41 - (106 - 73))
42
Evaluate 910 + -837 + -110 + 13.
-24
(-69 - -3 - -2) + (-169 - (-131 + -37))
-65
What is the value of -53 - 22 - -62 - -7 - (-1 - -1 - 48)?
42
What is the value of (1465 - 1424) + -31 + 1?
11
Calculate -99 + 43 - (19 - 34 - (-6 - 1)).
-48
38 - (2 - ((15 - 15) + -9))
27
12 + -22 + (5 - -5) - (-22 + 1)
21
-2 - ((-2 - 16) + (-15 - -27) + -6) - -24
34
What is 4 + -12 + -7 + (1 - (-7 + -2 + 12))?
-17
What is (-227 + 159 - -111) + -35 + 2?
10
Calculate 1 + -59 + -3 + (29 + (-12 - 0) - 28).
-72
Calculate (-319 - -433) + (-4 + 10 + -10 + 5 - 13).
102
Evaluate 40 - -2 - (0 + (-1 - -15) - (20 - 6)).
42
What is the value of -8 + (-10 - (2 - 6 - 1) - (24 + -107))?
70
2 - 0 - (39 - 8) - (29 - 43)
-15
-38 - (-23 - -12) - (-4 + -14) - (-11 - 0)
2
-16 + 5 + -7 - (2 + -45)
25
What is the value of -12 - 1 - (309 - (5 + 254))?
-63
28 + -43 - (337 - 449)
97
Calculate (13 - -61) + -13 - (-11 + -1 + 5 + 14).
54
What is (76 + -43 - 21) + 5 + -11?
6
What is the value of 34 + -82 + 75 + -34?
-7
What is the value of -21 + 15 + 1 + (-4 - -7) + 4?
2
What is -30 + 14 - -2 - (67 - (3 - (-5 - -6)))?
-79
Evaluate -14 + 2 + 0 + (43 - (-6 + -21)) + -27.
31
What is the value of -20 - (5 + (48 - 95))?
22
-16 + (-9 + 92 - (-6 + 19))
54
What is the value of 4113 + -4070 - (9 - 1)?
35
-1 + 1 + (7 - (-46 + 1 + 5))
47
Calculate 20 + -14 + (12 - 3 - 5) - 54.
-44
What is 5 + (22 - 9) + 8?
26
What is the value of -4247 + 4372 + -107 + 2?
20
Calculate 6 + 6 - (-4 + (70 - (1 + 0))).
-53
Calculate -1 + (26 - (4 - (-23 + 12))).
10
What is (-26 - 10) + 81 + -44?
1
What is the value of 5 + -7 + 7 + (16 - (16 - -32)) + 3?
-24
What is 21 + (-26 - -30 - -29 - 25)?
29
-10 + -10 + -2 + -2 + (3 - 5)
-26
What is 16 + (-81 - -3 - (-307 - -338))?
-93
What is (2 - 168) + 252 + -37 + -2?
47
What is the value of (405 - 411) + (-5 - 0 - 24)?
-35
(-157 - (-37 - -23)) + 33 - -8
-102
Calculate 1 + 13 + -424 + 481 + -7.
64
Evaluate -3 - 53 - 1 - (15 + (-42 - -21)).
-51
What is the value of -7 + 1 + -46 + 68 + -38 + (14 - 1)?
-9
Calculate (-16 - -2) + (-5 + (11 - (1 - -17)) - -82).
56
(2 - -59) + -220 + 224
65
Evaluate -9 + (-95 - -126) + -146.
-124
Evaluate (-66 + 51 - (-11 - (3 + 0))) + -12.
-13
What is the value of 79 + (-11 + -1 - 0 - -10)?
77
Evaluate 33 + -15 + -32 + 17 - 52.
-49
16 + -1 - (-77 + (-2 - -102)) - (0 + 11)
-19
Evaluate 13 + (-2 - 12) - (0 + -1).
0
Evaluate (-10 - (14 - -9)) + (73 - 59).
-19
Calculate 1 - (-110 - -117 - (73 + (-3 + 3 - 1))).
66
(-98 - ((-15 - -40) + -21)) + 18
-84
What is the value of 4 + 8 + 0 + -1295 + 1344?
61
Evaluate (47 - 53) + (7 - -3) - (-10 - 1 - -1).
14
-51 + 160 + -66 + (-18 - -1)
26
Calculate (3 + 6 - 39) + -13 + 66.
23
Calculate 33 - ((19 - 34 - -16) + -5).
37
Evaluate (-5 - 65) + (1416 - 1381).
-35
What is 69 + -10 - (-163 - -294)?
-72
What is the value of -47 + (14 - 34) + 37?
-30
Evaluate (139 - 147) + -5 + (4 - (-1 - -5)) - 46.
-59
(15 - 15 - (1 + -11)) + -17 + -38
-45
Calculate -23 + 38 - (6 + 0 + 4) - -30.
35
-26 - (1 + -14 + 1 + (92 - (146 + -57)))
-17
-200 - -201 - (9 + -2 - (4 + 17))
15
Evaluate -97 + 19 + 50 + -25.
-53
74 + -59 - -3 - -40
58
28 + 3 + -28 - (41 + 7 - (1 + -3))
-47
50 + (0 - -5) + (-37 - -25) + (2 - 1)
44
Evaluate (21 + -43 - -31 - (-2 - -14)) + -43.
-46
-94 + 77 + 1 + -33 + 6
-43
What is the value of (142 - 26 - 73 - 30) + (-1 - 1 - 131)?
-120
((-12 - -17) + -13 - -9) + 5 + 15
21
What is the value of -6 + (44 - -30 - 40)?
28
-3 + -9 + -12 - (-6 + -17)
-1
What is (1 - 1) + (60 + -83 - -19)?
-4
What is -70 - (-49 + 27 + -20)?
-28
What is the value of (1 + 18 - 4) + (1186 - 1207)?
-6
Evaluate -1 + (-15 - (35 - 15 - 48)) + (-1 - 0).
11
What is 0 - (-1 + -11 + 2 + 60 + (27 - 130))?
53
Evaluate 10 - (-57 + 10 + -6 + -6 + (8 - 7)).
68
What is (1 - -6) + -47 + (74 - 46)?
-12
What is the value of -5 + -9 - (27 + -37 + 33)?
-37
-50 - (-101 + 17 + 29)
5
Evaluate 51 + (-40 - (9 + 13 - 39)).
28
Calculate 31 + (0 + 15 - 33) + 69.
82
What is 291 + -21 - 283 - (-3 - -1 - 41 - -2)?
28
Evaluate (2 - (-38 + 42 + 2 + -18)) + -8.
6
What is the value of -3 - (-77 - (-36 + 16))?
54
What is the value of (-39 - -55) + -11 + 3 + -2 + 4?
10
Calculate (-203 - -43 - -80) + 20.
-60
What is 5 + (20 + -33 - 3) - 11?
-22
Calculate 4 + 6 + (5 - -1) + -23 + (24 - 11).
6
What is the value of (-18 - -4) + 73 + -29 + -27?
3
125 - (59 - -52) - 131
-117
Calculate 18 + (18 - (2 - 2)).
36
Calculate -2 + -55 + -1854 + 1969.
58
Evaluate (8 - (-44 + 147 + (-8 - 1))) + 6 + 3.
-77
(-7 - (5 - 3)) + (-5 - -31 - 26) + 15
6
-66 + 63 - -104 - (3 - -5)
93
What is the value of 1 + (13 - 25 - 8) + 2 - 3?
-20
What is the value of (10 - (-4 + -4 + 23)) + 83 - 4?
74
What is the value of (19 - 12) + -18 - 32?
-43
What is (0 - 19 - (-353 + 339)) + (-2 